e the third derivative of v(z). Give d(6).
-12
Let w(j) be the second derivative of j**6/720 + j**5/120 - j**4/2 + 6*j. Let i(n) be the third derivative of w(n). Determine i(4).
5
Let p be (22/44)/(1/2). Let u(n) = 7*n**2 + 4*n. Let q(x) = 7*x**2 + 5*x. Let d(i) = -5*q(i) + 6*u(i). Calculate d(p).
6
Let q(s) = s**3 + 2*s**2 - 2*s - 1. Let c be q(-3). Let r(a) = 2*a**2 + 14*a + 16. Let d(i) = i**2 + 7*i + 8. Let n(p) = c*r(p) + 7*d(p). Determine n(-6).
-2
Let a(u) = -27*u**2 - u - 3 - 2 + 37*u**2 + 2*u**3 + 3*u**3 - 4*u**3. Calculate a(-10).
5
Let i be (-15)/25 - 6/(-10). Suppose 0 = -3*x - z + 15, -x + 5 = -i*z + z. Let v(s) = -s**2 + 7*s - 4. Give v(x).
6
Let b(x) = -239*x**2 + x**3 + 118*x**2 + 119*x**2 + 2 + 4. Calculate b(0).
6
Let v(u) = -u**3 + 6*u**2 - 2*u + 4. Let a be 75/20 - -2 - (-3)/12. Determine v(a).
-8
Let p = 8 - 8. Let d(m) = -m + 2*m + p + 9. Give d(-7).
2
Suppose -d + 5*u + 1 = 0, -3*d + 5*d - 16 = -4*u. Let m(n) = 4*n + 13*n**3 - 12*n**3 + d*n**2 - 7 + 9. Calculate m(-5).
7
Let h = 15 + -11. Let p(o) be the second derivative of 0 - 7/2*o**2 - 3*o + 1/6*o**3. Give p(h).
-3
Let m(v) be the first derivative of -v**3/3 - v**2/2 - 11*v + 1. Let s = -12843 + 12843. Determine m(s).
-11
Suppose -2*c = 62 - 66. Let y(w) = -2*w + 5*w**2 - 6*w**2 - 2*w**c - 1 - 9*w**2. Give y(-1).
-11
Suppose -6*a = -a - 25. Let g(n) = 28*n**2 + 23*n**2 - 6*n - 52*n**2 + 12*n + 5. Determine g(a).
10
Let y(f) = f**3 - 10*f**2 - 10*f. Let u be y(11). Let q(s) = -s + 8 - 9*s + u*s. Give q(0).
8
Let a(o) = -o**3 - 8*o**2 - 4*o - 6. Suppose -43*r - 140 - 118 = 0. Calculate a(r).
-54
Let w(j) = -2 + 3 - j - 5*j + 0*j. Give w(-3).
19
Suppose 16 = -3*k - 2. Suppose 2*d = -2*c - 0*d + 12, 5*d - 16 = -3*c. Let g(w) = -c*w**2 + 14*w**2 + 5*w + 2*w + w**3. Determine g(k).
-6
Let i(g) = 7*g + 1. Let c be i(-1). Let b(t) = -4*t**2 - 10*t + 7. Let s be b(-3). Let l(d) = -d**2 + 0*d - s - 5*d + 3*d - 4*d. Give l(c).
-1
Let i(z) = z**2 - 46*z + 36. Let l be i(45). Let u(w) = -2*w + 5. Calculate u(l).
23
Let v(q) = q**2 + q + 8. Let t(o) = -o**2 - 4*o + 5. Let r be t(3). Let c = -17 - r. Let i(y) = -1. Let a(h) = c*v(h) - 6*i(h). What is a(0)?
-2
Suppose -245 = b - 8*b. Suppose -b = -2*k - 3*k. Let y(s) = -1 + s**2 + 4*s**2 - k*s - 2*s**2 - 2*s**2. Determine y(5).
-11
Let c = -11399/6 - -1900. Let u(v) be the second derivative of v**2 - 10*v + 0 + c*v**3. What is u(-6)?
-4
Let a(t) = -35*t - 6. Let u(l) = -27*l - 5. Let d(s) = -3*a(s) + 4*u(s). Let k = 0 - 4. What is d(k)?
10
Let q be (-52)/(-5) + (-2)/5. Let g = 13 - q. Let h(j) = 2*j**3 - 4 - j**3 + 5*j**3 + g. Calculate h(-1).
-7
Let l = 147 + -142. Let j(i) = -i - 2 - l*i + 0*i + 10*i. Suppose -4*z = 0, -5*w = 5*z - 3*z + 15. What is j(w)?
-14
Suppose 40 = 229*u - 219*u. Let j(z) = -8*z**2 + 10*z + 11. Let d(q) = -7*q**2 + 9*q + 10. Let m(w) = 6*d(w) - 5*j(w). Determine m(u).
-11
Let l(k) = 88*k + 40. Let n(t) = -29*t - 13. Let w(a) = 2*l(a) + 7*n(a). Let q(h) = 5*h + 2. Let p(g) = 22*q(g) + 4*w(g). Give p(1).
2
Let n = 50 - 12. Let s be (2 - n/(-14)) + (-2)/(-7). Let c(k) = k**2 - 3*k - 4. Calculate c(s).
6
Let a(k) = k + 29. Let i(u) = -4*u - 96. Let d(m) = -7*a(m) - 2*i(m). Let o(c) = -c - 13. Let t be o(-9). Let q = t + 4. Give d(q).
-11
Let j(g) = 0*g + 7*g - g + 49 - 7*g - 47. Determine j(3).
-1
Let f = 23 + -25. Let l be 1 + -5 - f - 4. Let y(u) = u**3 + 5*u**2 - 8*u - 7. Give y(l).
5
Let z(p) be the second derivative of p**5/20 + p**4/3 + 3*p**2/2 + 94*p. What is z(-3)?
12
Let k(m) be the third derivative of -m**4/24 + 5*m**3/6 - 140*m**2. Let g be 4/(-2 - 15/(-6)). Calculate k(g).
-3
Let t = -63 + 71. Let z(q) = 10*q**3 - 17*q**2 + 6*q - 6. Let b(n) = -3*n**3 + 6*n**2 - 2*n + 2. Let k(f) = -7*b(f) - 2*z(f). Give k(t).
14
Let a(u) be the second derivative of -u**3/6 - 7*u**2 - 165*u. What is a(-11)?
-3
Let y = -8 - -3. Let x(s) be the first derivative of -s**5/60 - s**4/4 - s**3/6 + 17*s**2/2 - 25. Let g(n) be the second derivative of x(n). What is g(y)?
4
Suppose 4*w + 6 = 18. Suppose -m + 22 = -w*m. Let x(c) = c + 18. Give x(m).
7
Let v be (-3)/(-15)*-1 - 22/(-10). Let w(q) = 11*q**2 - 4*q + 0*q + 2*q**v + 1 + 3*q. Give w(1).
13
Let c(l) be the second derivative of -l**4/4 + 3*l**2/2 + 62*l. Determine c(3).
-24
Let i = 2876 - 2881. Let c(x) = x + 5. Let y(b) = -b - 5. Let n(g) = -5*c(g) - 6*y(g). Calculate n(i).
0
Let s = -1528 - -1530. Let f(q) = -2*q**2 - 6*q + 4. Determine f(s).
-16
Suppose -2*o + 2*g = 0, 2*o = -o - 5*g + 8. Let y(m) = -2 + 6 + 0 + 6*m**2 - 11 + 6. What is y(o)?
5
Suppose -4*o - 8 = -2*o + 2*a, o = 4*a + 16. Let x(b) = b - 8. Calculate x(o).
-8
Let q(t) = 4*t + 1. Let w = -3 - -5. Let n(r) = r**3 - 2*r**2 + 4. Let x be n(w). Suppose -4*i - 19 = -k, -5*k + 2*i + x = -1. Give q(k).
-3
Suppose -24*i + 78 + 90 = 0. Let z(t) = -t + 1. Give z(i).
-6
Let z(c) = -c**2 + 4*c + 4. Let m(x) = 2*x + 3. Let h be m(2). What is z(h)?
-17
Let c(o) = 3*o**3 - 2*o**2 - o - 2. Let y(a) = -a. Suppose -2*i - i = 0. Let k be y(i). Let p = 2 - k. Give c(p).
12
Let v(c) be the second derivative of -c**3/6 - 7*c**2/2 + 15*c + 2. What is v(5)?
-12
Let h(b) = -b**2 - 11*b + 6. Let q be h(-12). Let t(i) = i**2 + 2*i - 2. Give t(q).
22
Let f(g) = -g**2 - 4*g - 3. Let b be f(-3). Let r(h) = 7*h**3 - 5*h**2 - 2*h + 2. Let w(o) = -4*o**3 + 3*o**2 + o - 1. Let v(z) = 3*r(z) + 5*w(z). Give v(b).
1
Let p(k) = -k**3 + 2*k**2 + k. Let t be p(2). Let q(y) = -6*y - 3 + y + t*y + 0*y. Suppose -5*i + 41 = 61. What is q(i)?
9
Suppose 7*f - 1 - 41 = 0. Let g(h) = h. Let p(d) = -4*d - 13. Let u(w) = 5*g(w) + p(w). Give u(f).
-7
Let j(a) = 1 + 5 - a**2 - 6 - 9*a - 11. Give j(-10).
-21
Let a(f) = 6*f**3 + 2*f**2 - 4*f. Let n(j) = 2*j**3 - j**2 - j + 1. Let m(y) = a(y) - 2*n(y). Let d(i) = -i**2 - 4*i - 3. Let h be d(-4). What is m(h)?
-14
Let d = 14 - 11. Let m(x) = -x**2 - d - 2*x**2 + 2*x**2 + 4. Determine m(2).
-3
Let s(b) = b**3 - 9*b**2 + 10*b - 15. Let h be s(8). Let y(p) = 4*p + 4*p + 3 - p**2 - 3*p. Let n(j) = -1. Let g(w) = h*y(w) + 2*n(w). What is g(5)?
1
Suppose -s = 10 - 3. Let j(x) be the third derivative of x**4/24 + 4*x**3/3 + 4*x**2 + 18*x. Determine j(s).
1
Let a(c) = 4*c**3 + 12*c**2 + 3*c + 3. Let u(k) = 3*k**3 + 11*k**2 + 5*k + 2. Let q(m) = 2*a(m) - 3*u(m). Calculate q(-8).
8
Let x(b) = 4*b. Let s = 30 - 29. Suppose 2*u = -t - 7, -s - 3 = 2*t - u. Give x(t).
-12
Let f(v) = -57*v**3 - 6*v**2 + 5*v - 16. Let i(c) = -11*c**3 - c**2 + c - 3. Let g(m) = 2*f(m) - 11*i(m). Suppose -4*o + o = -3. What is g(o)?
6
Let m(z) = 2*z**2 + z + 1. Let h = 2305 - 2303. Determine m(h).
11
Let x = -116 + 114. Let q(i) = -3*i**3 + 2*i**3 + 0*i**3 - i**2. What is q(x)?
4
Let w(n) = -3*n**3 - 3 + 3*n**3 - n**3 - 14*n**2 + 9*n**2. Give w(-5).
-3
Let x(z) = -2*z + 7. Suppose 2*r - 14 = 2*w, 7*w + 5 = -5*r + 2*w. Suppose 2*a + r*a = -4*l + 92, -4 = 2*l. Let f be ((-5)/(-20))/(1/a). Give x(f).
-3
Let m(x) = -12 - 15359*x**2 + 7683*x**2 + x**3 - 29*x + 7682*x**2. What is m(-9)?
6
Let t be (-4662)/522 - 4/58. Let p(y) = 2*y + 27. Calculate p(t).
9
Let w(q) = -5*q**3 + q. Let h be (4 + -1)*(-14)/(-63)*-60. Let k be h/(-60)*(-6)/(-4). What is w(k)?
-4
Let v(i) = -4*i + 3. Suppose -4*c - 10*y - 14 = -11*y, 0 = -5*c - 4*y - 28. Determine v(c).
19
Suppose 3*o + 10 - 31 = 3*c, -5*o + 5 = 5*c. Let s be (o + -1)/((-6)/(-4)). Suppose -3*l - m + 21 = 0, s*l - 14 - 1 = -m. Let t(u) = u - 5. Calculate t(l).
1
Let q(g) be the second derivative of g**3/6 + 13*g**2/2 - g. Suppose 4*b = -3*m - 3, -29 = -b - 23. Determine q(m).
4
Let a(o) be the first derivative of o**4/4 - o**3 + o**2/2 + o - 1. Let f = -186 + 188. Give a(f).
-1
Let z(r) = 3*r**3 - 7*r**2 - 12*r - 53. Let d(c) = -c**3 + 2*c**2 + 3*c + 18. Let i(t) = -8*d(t) - 3*z(t). What is i(7)?
1
Let f be (1 - -5) + -3 + 1. Let g(v) = v**2 + 2. Let b(w) = w - 1. Let p(q) = f*b(q) + g(q). Suppose -30 = -3*d + 8*d. Give p(d).
10
Let y be ((-20)/(-6))/((-6)/(-9)). Suppose -u = 3*d - 12, 0 = -y*d + 3*u - 0 + 6. Let c(f) = -f - 1. Give c(d).
-4
Let q = -15 + 21. Let u(c) = c**3 - c**2 - c. Let i(j) = 7*j**3 - j**2 - 9*j + 7. Let m(v) = q*u(v) - i(v). Suppose 1 = -2*h - 11. Give m(h).
11
Let a(v) = v**3 + 2*v**2 + 4*v - 5. Let s(z) = -3*z**3 - 4*z**2 - 7*z + 9. Let c(k) = -11*a(k) - 6*s(k). Suppose 35